pose 27*i - 898 = 4016. What is the remainder when i is divided by 15?
2
Let u = 15 + -13. Calculate the remainder when 3 + -3 - u*-5 is divided by (-4)/(-10) + (-28)/(-5).
4
Suppose 0 = -x - 11 + 13. Suppose x*b = 3*a - 651, 0 = 2*a + 2*a + b - 879. What is the remainder when a is divided by 13?
11
Suppose -40 = -3*r + 4*a, 0*r - 5*r + 52 = -3*a. Suppose 6*d = 10*d - 56. What is the remainder when 3 is divided by d/8 + 2/r?
1
Suppose -4*t = -t + 5*g - 99, 0 = -5*t + g + 193. What is the remainder when 93 is divided by t?
17
Let h(a) = a**3 + 11*a**2 + 7*a - 9. Let s = -56 - -46. Calculate the remainder when 62 is divided by h(s).
20
Suppose 0 = -3*z + 157 + 62. Let h be (0 - 16/10)/(74/2405). Let q = z + h. Calculate the remainder when q is divided by 6.
3
Suppose 105 = 8*i - 119. Calculate the remainder when 63 is divided by i.
7
Let w = -128 - -262. Let f(p) = 157*p - 770. Calculate the remainder when w is divided by f(5).
14
Let h(b) = -b**2 - 20*b + 16. Suppose 4*c - 112 = -s, -c + s + 50 = c. What is the remainder when h(-7) is divided by c?
26
Let w(f) be the first derivative of -3*f**2 + 2*f + 4. Calculate the remainder when 5 - 4*2/4 is divided by w(0).
1
Let n be 0*-3*(-3)/(-27). Suppose -5*y = -n*y. Suppose b - 53 - 49 = y. What is the remainder when b is divided by 15?
12
Suppose -3*r + 116 + 16 = 0. Suppose r = 2*w - 0*w. Let y = 1 - -7. Calculate the remainder when w is divided by y.
6
Suppose 0 = w - 23 - 6. Let x = -172 - -178. Calculate the remainder when w is divided by x.
5
Suppose 16 = -2*x + 20. Suppose -x*q + 0*d + 106 = d, -2*q + d = -106. Calculate the remainder when q is divided by 11.
9
Suppose -7*n - 116 = -2*c - 5*n, 3*c - 4*n - 175 = 0. Suppose 2*j - 6*j + 60 = 0. Calculate the remainder when c is divided by j.
12
Let n be -2 + (-12)/(-3) - -1. Suppose -5*b + 374 = l + 2*l, 346 = n*l - 2*b. Suppose 4*i = 2*i + l. Calculate the remainder when i is divided by 31.
28
Let l be (-6)/4*48/(-9). Calculate the remainder when (-1)/((-8)/58)*l is divided by 8/2 + -2 + 11 + 7.
18
Suppose 2*u + 4*i = u + 9, u - 3*i = 30. Calculate the remainder when u is divided by 3.
0
Suppose -2*w = 11 - 33. Let t be 3/(9/3)*1. Let j = 31 + t. What is the remainder when j is divided by w?
10
Suppose -5*j - 168 - 42 = 0. Let s be (4/12)/((-2)/j). Calculate the remainder when 20*(s/4)/1 is divided by 12.
11
Suppose 28*b - 147 = 7*b. What is the remainder when 88 is divided by b?
4
Suppose 237 = 5*l - 363. Suppose k - 6*k = -l. Calculate the remainder when k is divided by 14.
10
Let f(v) = v**2 + 4*v + 10. Calculate the remainder when 116 is divided by f(-5).
11
Let s(n) = -24 + 20*n + n**2 - 2*n**2 + 9. Suppose -7*q + 90 = -2*q. Calculate the remainder when s(14) is divided by q.
15
Suppose -25*o + 2055 = -10*o. Calculate the remainder when o is divided by 47.
43
Let i(m) = 6*m**2 + 2*m - 10. Let s be i(2). Let w = s - 10. What is the remainder when 37 is divided by w?
5
Let w = 35 - -74. Suppose 65*u - 34*u = 30*u + 14. What is the remainder when w is divided by u?
11
Let i(g) = -3*g**2 + 22*g + 15. Let n be i(8). Calculate the remainder when 16 is divided by 3/3 + 0 - 4/n.
1
Let z(t) = t**3 + 5*t**2 - 9*t - 7. Suppose -4*i = -9*i - 250. Let a = i + 80. Calculate the remainder when a is divided by z(-6).
8
Let c = 1238 - 1232. Let i(k) = k**3 + 4*k**2 + 2*k - 1. Let s be i(-3). Suppose -3*b + s*b = -3. What is the remainder when c is divided by b?
0
Suppose 4*a = 16 + 36. Calculate the remainder when 101 is divided by a.
10
Let f = 95 - 82. What is the remainder when 112 is divided by f?
8
Let k = -37 + 94. Suppose 0 = 9*t - k - 177. What is the remainder when 51 is divided by t?
25
Let p be 22 + (3 - (6 - 0)). Suppose p*q - 4 = 18*q. Suppose -q*x + 96 = -2*x. What is the remainder when x is divided by 17?
14
Suppose 2*k + 65 = 3*k. Let j = k + -22. Suppose 81*v - 55*v - 390 = 0. Calculate the remainder when j is divided by v.
13
Suppose -4*f + 83 = -189. Suppose 0 = 5*i - 88 - 77. Let w = i + -10. What is the remainder when f is divided by w?
22
Let y(m) = 23*m - 104. What is the remainder when 473 is divided by y(6)?
31
Calculate the remainder when 2/(-11) - ((-9018)/66)/9 is divided by 9.
6
Calculate the remainder when -7*2827/(-77)*2/2 is divided by 26.
23
Suppose 0 = u - 5. Let x = -32 + 11. Let h = 24 + x. Calculate the remainder when u is divided by h.
2
Let c = -4 + 9. Let p(z) be the third derivative of -z**4/24 + 17*z**3/6 - 11*z**2. Calculate the remainder when c is divided by p(14).
2
Suppose -5*i + 6*i = 1. What is the remainder when (4/(-6))/((-2)/210) is divided by (-18)/(i/4 - 1)?
22
Let y = 2206 + -2047. What is the remainder when y is divided by 48/(-9)*(-30)/4?
39
Let z(v) = -1609*v**2 - 2*v + 1. Let y be z(1). Let u be y/(-8) - (-2)/(-8). Suppose q + u = 4*q. Calculate the remainder when q is divided by 35.
32
Suppose -47 = k + 18. Let d = -62 - k. What is the remainder when 16 is divided by d?
1
Suppose -3*p - 12 = -4*q + 7, 0 = p - 5*q + 10. Calculate the remainder when 1000/60*(-6)/p is divided by 11.
9
Let k(o) = 3*o - 8. Suppose -5*c = -0*c + 10. What is the remainder when k(8) is divided by (-5)/c*(-72)/(-20)?
7
Let w = 12 - 0. Suppose -211 = 30*b - 1411. Calculate the remainder when b is divided by w.
4
Suppose -3*w + 256 = -344. Let d = -141 + w. Let v = d + -35. What is the remainder when 69 is divided by v?
21
Let n be (-44)/(-20) + (-2)/10. Suppose -16 = -3*v + n. Let y = -475 - -497. What is the remainder when y is divided by v?
4
Let r(m) = m**2 - 15*m + 12. Let x(w) = -w**3 - 8*w**2 - 10*w + 2. Calculate the remainder when x(-7) is divided by r(15).
11
Let g = 83 + -21. Let v(f) = -8*f - 51. Calculate the remainder when g is divided by v(-9).
20
Suppose 8 = 10*c - 12*c. Let v(u) = u**3 + u**2 - u + 14. What is the remainder when v(0) is divided by (c - -2)*15/(-6)?
4
Let m = 1176 - 892. Calculate the remainder when m is divided by 74.
62
Let g = 193 + -88. Let a(i) = -i**3 + 15*i**2 + 128*i - 24. What is the remainder when g is divided by a(21)?
15
Suppose 0 = 3*k - 2*a + 4*a - 9, 0 = -4*k - 2*a + 14. Suppose -15 = -5*q, k*y + 5*q + 59 = 264. Calculate the remainder when 149 is divided by y.
35
Let w = 733 - 515. Calculate the remainder when w is divided by 28.
22
Let n = -129 - -149. Calculate the remainder when 173/3 + 52/39 is divided by n.
19
Let u(s) = s**3 + 3*s + 16*s - 3*s + 17*s**2 + 3. Let c be u(-16). Suppose -c*m + 5*o - 26 = -7*m, -m + 6 = o. Calculate the remainder when 9 is divided by m.
1
Let g = -13 + 23. Suppose 3*q - 109 - 65 = 0. What is the remainder when q is divided by g?
8
Let f = 24 + 1. Suppose -75 = -4*i - 351. Let x = i - -141. What is the remainder when x is divided by f?
22
Let c(l) = -l**2 + l + 63. Let h be c(0). Let f be (-4)/(-18) + (-266)/h. Calculate the remainder when (-1)/(((-4)/(-51))/f) is divided by 18.
15
Let o(y) = 27*y - 6. Suppose -84 = -4*k - 5*q, 5*q + 46 = k - 0*q. What is the remainder when o(3) is divided by k?
23
Suppose 399 = 4*n - 3*f, 4*f = 5*n - 4*n - 103. Calculate the remainder when n is divided by 20.
19
Let b be 156/7*(11 + -4). Suppose -28*j = -25*j - b. Calculate the remainder when j is divided by 27.
25
Suppose -3*l - u = -164, 0 = -3*l + l + 3*u + 113. Let p = l + -47. What is the remainder when p is divided by 3?
2
Let w = 31 - 10. Let c(x) = -3*x**2 - 76*x + 58. What is the remainder when c(-25) is divided by w?
20
Let u be 1 + 12/(-3) - -1. Suppose 2*j - 100 = -0*j. What is the remainder when j is divided by 9 - (4 + u - 6)?
11
Let g(a) = -a**2 - 8*a - 11. Let s be g(-5). Suppose -x + 3 = 4*h, -4*h - 4 = s. What is the remainder when 41 is divided by x?
8
Let r(y) be the second derivative of y**4/6 - y**3/2 + 2*y**2 + 2*y. Calculate the remainder when 58/2*1 + -6 is divided by r(3).
10
Suppose 378 = -48*w + 54*w. Calculate the remainder when w is divided by 26.
11
Let m = -37 - -31. Let j(p) = -p**3 - 2*p**2 + 13*p - 6. Calculate the remainder when j(m) is divided by 8.
4
Suppose 3*j - 61 = 32. What is the remainder when j is divided by 8?
7
Calculate the remainder when (0 + 9)*(-8 + (-170)/(-15)) is divided by 19.
11
Let h = 12 + -12. Suppose 0 = -h*j - 2*j - 4, -12 = -2*i - 2*j. Suppose 3*y + 46 = 4*y. Calculate the remainder when y is d